.
2, 23
Let g(c) = 123 + 26*c - 124 + 83*c. Let n be g(4). Let y = -246 + n. What are the prime factors of y?
3, 7
List the prime factors of ((-10)/(-15)*-9)/((-4)/18994).
3, 9497
Suppose -70*x + 2*o = -68*x - 21606, -9 = -3*o. What are the prime factors of x?
2, 3, 1801
Suppose 31*r = 35*r. Suppose r = -7*b + 114 - 1542. Let z = -92 - b. List the prime factors of z.
2, 7
Suppose 5*t = 3*b - 18*t - 3505, -4*t = 3*b - 3532. What are the prime factors of b?
2, 3, 7
Let o = -31558 - -40987. What are the prime factors of o?
3, 7, 449
Suppose 4*w - 14 = 2. Let m(g) = -9*g + 159. Let x be m(10). Suppose -147 = -u - z, 5*z - 523 = -w*u + x. What are the prime factors of u?
11, 13
Let t(n) = n**3 - n**2 - 17*n + 36. Let c = -606 + 618. List the prime factors of t(c).
2, 3, 59
Let u = 49278 + -19705. What are the prime factors of u?
29573
Suppose -5*d + 1968 = -4857. Let b = -375 + d. Suppose -b = -10*j - 260. List the prime factors of j.
73
Let p = -5651 + 9557. Let s = p + -2000. List the prime factors of s.
2, 953
Let h = -283 + 192. Let d = 190 + h. What are the prime factors of d?
3, 11
Let d(f) = -5*f**2 - 22. Let l be d(0). Let p = l + 65. What are the prime factors of p?
43
Suppose -13*x = 7 + 19. List the prime factors of 0/(-3) + (-304)/x.
2, 19
Suppose -4*k = -4*v + 46404, -7*k = -11*k + 4. What are the prime factors of v?
2, 5801
Let w = 20 - 49. Let h = w + 29. Suppose -2*u = -h*i + 3*i - 73, -52 = -2*i + 2*u. What are the prime factors of i?
5
Let o(q) = 112*q**2 + 4*q + 5. Let y(j) = -111*j**2 - 5*j - 6. Let n(r) = 6*o(r) + 5*y(r). Let z = 1486 + -1487. What are the prime factors of n(z)?
2, 59
Suppose -89590 - 95875 - 39812 = -13*z. What are the prime factors of z?
13, 31, 43
Let l(h) = 9*h**2 - 7*h - 6. Suppose -4*z + 13 + 7 = 0. Suppose u + 3*y = z*u - 7, -5*y = 25. What are the prime factors of l(u)?
2, 11
Suppose 2*h - 120 = 182. Suppose 92 = 5*y - 2*q - 67, -h = -5*y - 2*q. Let g = y + 198. List the prime factors of g.
229
Let y(p) be the third derivative of 0*p - 1/120*p**6 - p**2 + 0 + 19/60*p**5 + 3/8*p**4 + 13/6*p**3. What are the prime factors of y(19)?
2, 23
Let q(g) = -g**3 + 5*g**2 - 4*g + 3. Let w be q(4). Suppose w*s - 55 = -40. Suppose -5*o + 521 = 4*a, s*a - 543 = -3*o + 92. List the prime factors of a.
2, 31
Suppose 0 = -16*c + 10*c + 18. What are the prime factors of (-7)/c - 4440/(-9)?
491
Suppose h + 2*b = 40975, -14*b + 50 = 11*b. List the prime factors of h.
3, 7, 1951
Let i = 29622 + -14214. List the prime factors of i.
2, 3, 107
Suppose 0 = -19*b + 213454 + 68305 + 265707. What are the prime factors of b?
2, 14407
Suppose -16*t - 14*t + 1750531 = 292801. What are the prime factors of t?
3, 5399
Let z be (12/3)/(-2) + (1 - -4). Suppose 5*p - 1026 = -3*u, -2*p = z*u - 823 - 203. What are the prime factors of u?
2, 3, 19
Let c(b) = 30*b + 1. Let u = 71 + -68. Suppose 5*n - 4*n = u. What are the prime factors of c(n)?
7, 13
List the prime factors of ((1164/(-9))/1)/(((-26)/156)/1).
2, 97
Let g = -1820 + 22902. What are the prime factors of g?
2, 83, 127
Suppose 11*t + 22*t = -3*t + 343332. List the prime factors of t.
3, 11, 17
Suppose -126*m - 101*m = -2*m - 22725. List the prime factors of m.
101
Let p = -854 - -859. Suppose -p*c + 2864 = 3*s, -4*s + 1740 = -4*c - 2132. What are the prime factors of s?
3, 107
Let a(d) = -33*d + 3997. What are the prime factors of a(9)?
2, 5, 37
Let r = -15820 - -18948. List the prime factors of r.
2, 17, 23
Let w = 15867 + -8834. What are the prime factors of w?
13, 541
Suppose -4*c + 7 + 9 = 0. Suppose 4*r = 16, 31 = -c*i + 5*i - 3*r. Suppose -2*y + 3*w + 92 = -i, -y - 2*w = -64. What are the prime factors of y?
2, 3, 11
Suppose -4483 = -14*q + 30727. List the prime factors of q.
5, 503
Suppose -754 = 7*o - 222. Suppose 0 = -i + 106 + 22. Let r = o + i. What are the prime factors of r?
2, 13
Let i(w) = 845*w + 12571. List the prime factors of i(43).
2, 3, 11, 13, 19
Suppose 8*l + 61 = 9*l. Let m = l - 66. What are the prime factors of m/30 - 3676/(-24)?
3, 17
Let y(z) = z**2 + 71*z - 94. List the prime factors of y(28).
2, 13, 103
Let w(b) = -b**3 + b**2 + 202. Let x be w(0). Let u = -15124 - -15195. Suppose 69*d = u*d - x. List the prime factors of d.
101
Suppose 0 = 72*o - 69*o - 2388. Let z = -235 + o. List the prime factors of z.
3, 11, 17
Let h(x) = -37*x + 127. Suppose 17*l + 400 = l. List the prime factors of h(l).
2, 263
Let l(v) = v**3 - 12*v**2 - 12*v - 4. Let d be l(13). Suppose 0*u = -d*u + 36. Suppose 101 = u*x + 5. What are the prime factors of x?
2, 3
List the prime factors of (-513988)/(-15) + (638/(-165))/(-29).
2, 3, 5711
Let u be (3 - 5) + -3 + 8 + 101. List the prime factors of (-8)/(-52) - (-47928)/u.
461
Suppose 3 = -5*u + 13. Let r be ((-84)/15 + 6)/(u/(-100)). What are the prime factors of (-1852)/r - (-12)/(-20)?
2, 23
Let a = 225 + -222. What are the prime factors of (-1 - (-1952)/(a - -1)) + 4?
491
What are the prime factors of 4*(-54)/72 + 27749?
2, 13873
Suppose -3818 = -4*c - 2*d, -25*c + 20*c + 2*d = -4741. List the prime factors of c.
3, 317
Let i(a) = 1544*a**2 + 37*a - 4. List the prime factors of i(3).
11, 19, 67
Suppose -22*i - 180 = 40. Let x(n) = -n**2 - 17*n + 14. Let k(m) = m**2 + 16*m - 15. Let t(q) = 2*k(q) + 3*x(q). What are the prime factors of t(i)?
2, 3, 17
Let y(f) = -f**2 - 20*f - 4. Let r be y(-17). Suppose -5*o + 111 = -3*h + r, 4*h = 5*o - 62. What are the prime factors of ((-14)/(-16) - 2)*-4*o?
3, 7
Let n = 2700 - -385. List the prime factors of n.
5, 617
Suppose -g = -570 - 372. Suppose 0 = 125*z - 122*z - g. List the prime factors of z.
2, 157
Suppose 4*c = 2*j + 152, 6*c = 3*c. Let k = 240 - 219. Let g = k - j. What are the prime factors of g?
97
Let o(s) = -37*s - 37. Let w be o(9). Let a = 229 + w. Let p = a - -298. List the prime factors of p.
157
List the prime factors of 27*(-16)/(-48) - -6494.
7, 929
List the prime factors of (28/8)/((-28295)/(-9430) + 24/(-8)).
7, 23, 41
Let i = -99 - -47. Let w = 452 - i. List the prime factors of w.
2, 3, 7
Suppose -28*s = -8*s + 60. What are the prime factors of 304/1 - s*(-4)/12?
3, 101
List the prime factors of (1 - -8830) + (9 - (-10 + 10)).
2, 5, 13, 17
Suppose -64 = -4*j + 48. Let x = -23 + j. Suppose 0 = -x*d + 3*w + 441, 0 = d - 0*w + 3*w - 99. List the prime factors of d.
2, 3, 5
Let h(f) = f**2 + 6*f - 35. Let q = -6 - -18. What are the prime factors of h(q)?
181
Suppose 645198 = 34*f - 2769709 + 800953. What are the prime factors of f?
3, 7, 523
Suppose -3*y + 2*u + 22 = -3*u, -8 = -4*y - 4*u. Suppose 0 = y*v + 2*v - 120. List the prime factors of (2/(-6))/(v/(-3300)).
5, 11
Let f(k) = -k**3 + 13*k**2 - 22*k + 3. Let b be f(11). Suppose -3*i = -2*r + 301 + 498, -1204 = -b*r - i. List the prime factors of r.
401
Suppose -8*k = -5*k - 60. List the prime factors of (3 + 294/(-35))*k/(-6).
2, 3
Suppose 5*a - 81040 = -5*p, -4*a = -20*p + 15*p - 64823. List the prime factors of a.
19, 853
Let l(y) = 6*y - 34. Let o be l(14). Suppose 35 = 55*k - o*k. Suppose k - 95 = -z. What are the prime factors of z?
2, 11
Let f = -71 + 74. Suppose 0 = v + 2, n + f*v - 4 + 2 = 0. What are the prime factors of n/2 - (-99 - 3)?
2, 53
Let p = 45 - 53. Let f = 118 + p. Let q = -13 + f. List the prime factors of q.
97
Suppose 0*q = -3*q + 15. Suppose q*c - 1292 - 778 = 0. Suppose 0 = 6*r - 1494 + c. What are the prime factors of r?
2, 3, 5
Suppose -233*y = -6159244 - 2475969. List the prime factors of y.
37061
Let l = -240 + 365. Suppose 5*w = 5*m - l, -2*m = 3*w + 43 + 17. List the prime factors of 1/2 + w/(-8)*2.
2, 3
Let g = 73 + -6. Suppose -j + 20 + 9 = -u, g = 3*j + 2*u. Suppose -9 = -f + j. List the prime factors of f.
2, 17
What are the prime factors of -5*(19252/(-20) - -4)?
4793
Suppose -11568 = -f + 3*k, -2*f - 4*k = -6*k - 23140. Suppose -7*p = 22*p - f. List the prime factors of p.
3, 7, 19
Suppose 22*x - 9*x = -27*x + 2677760. What are the prime factors of x?
2, 523
Let k = -31970 - -72184. List the prime factors of k.
2, 20107
Let a = -28737 - -30039. List the prime factors of a.
2, 3, 7, 31
Let w(v) = 4*v - 56. Let f be w(12). What are the prime factors of -37*3*(f/(-3) + -3)?
37
Suppose -18*u + 96634 + 158323 = 42377. What are the prime factors of u?
2, 5, 1181
Suppose -12*b 